+ 1))/1. Suppose x*n = 486 + 441. What is the hundreds digit of n?
3
Suppose -1973*f = -1941*f + 160. Let s(l) = 49*l - 45. Let a(d) = -25*d + 23. Let k(m) = 7*a(m) + 3*s(m). What is the hundreds digit of k(f)?
1
Suppose 10 = -4*u - u. What is the units digit of -183*(u - 14/(-21))?
4
Let g = 3331 + -1765. Suppose 0 = c - w - 4*w - 783, -2*c - 3*w + g = 0. Suppose -5*n + 638 = 4*f - 0*f, 0 = 5*f - n - c. What is the units digit of f?
7
Let x(d) = -42*d**3 + d**2 + 40*d + 208. What is the tens digit of x(-5)?
8
Let f be -4*(-1 + (-25)/(-20))*-3. Suppose 0 = -4*a - q + 541, -f*q + 7*q = 4*a - 556. What is the hundreds digit of a?
1
Suppose -99 - 12 = 3*f. Let h = -34 - f. Suppose 318 = h*p - c - 2*c, 4*p - 424 = c. What is the tens digit of p?
0
Let r(l) = l**3 - l**2 + l + 1. Let c be r(3). Suppose 0 = -18*g + 2061 - 1737. Suppose 456 = -g*m + c*m. What is the hundreds digit of m?
1
Suppose 3*v = -9, -2*t + t + 8 = 2*v. Suppose t*a - 11*a = 990. What is the units digit of a?
0
Let f(x) = x**3 - 4. Suppose k = 83 - 81. Let n be f(k). Suppose -114 = -2*i - n*i. What is the units digit of i?
9
Let v(j) = -j**3 - 7*j**2 + 14*j + 52. Let o be v(-8). Suppose 4*m = p - 217, 6*m - 1195 = -5*p + o*m. What is the hundreds digit of p?
2
Suppose -5*j = 5*i - 40, -5*j - 21 = -7*j - 3*i. Suppose 1276 = j*v - 686. What is the hundreds digit of v?
6
What is the tens digit of 4 - 2/(26/(-62881))?
4
What is the hundreds digit of 7 + (204251/7 - (-238)/833)?
1
Let n(l) = 7*l**2 - 630*l - 778. What is the units digit of n(105)?
7
What is the units digit of ((-40525)/(-20))/((-272)/(-320) + (-6)/10)?
5
Let b = -1081 + 711. What is the hundreds digit of (b/(-20))/(4/80)?
3
Let n(x) = 45*x**2 - 7*x + 29. Let j be n(4). Let g = 515 + j. What is the thousands digit of g?
1
Suppose -256*a + 507*a = 254*a - 87111. What is the thousands digit of a?
9
Suppose 0 = 2*h - 5*b - 60287, 3*b = 2 + 1. What is the hundreds digit of h?
1
Let x be (20/(-60))/((-1)/90). What is the tens digit of (-58 - -1)*1/((-5)/x)?
4
Let s = 11482 - 3799. What is the thousands digit of s?
7
Let n(u) = u**3 + 43*u**2 - 19*u - 283. What is the units digit of n(-23)?
4
Let i = 56 + -51. Suppose -r = -3*y - 5*r - 1, 2*r = i*y - 33. Suppose 5*x + 5*c - 145 = 0, -y*x + 2*c + 175 = c. What is the units digit of x?
4
Let h be 10/(-4)*(-40)/25. Let i be (-147)/42*664/(-14). Suppose -t = t + h, 0 = 5*m - 3*t - i. What is the tens digit of m?
3
Let w = 74190 - 46666. What is the units digit of w?
4
Let j = 5578 + -3362. What is the tens digit of j?
1
Suppose -3*y + 12395 = y + 3*c, 3*c = 3. Let d = -2014 + y. Suppose -5*p = -d + 279. What is the hundreds digit of p?
1
Suppose 7 = 4*f - 5. Suppose f*i + 3*z - 60 = 0, 0*i + i + 2*z = 19. Suppose g = 4*y + 20, y - i + 92 = 3*g. What is the tens digit of g?
2
Let c be (2 - 5)*(-14)/(-21) + 4. Suppose 2*u + 4*v = 244, -4*u + c*v = -0*u - 538. Let b = -5 + u. What is the hundreds digit of b?
1
Suppose 0 = -8*t + 6*t - 12. Let k be 30 + (3 - -2)*t/15. Suppose 4*w + 0*w - 12 = -j, -4*j + k = -4*w. What is the units digit of j?
8
Suppose -88805 = -6*o + 81505. What is the ten thousands digit of o?
2
Suppose -18 = 6*m - 126. Suppose 12276 = 4*s + m*s. What is the units digit of s?
8
Let r be (-24)/(6/4*1). Let s be (-1)/(0 - (-4)/r). What is the units digit of (s - 0) + 42/14?
7
Suppose 4*y - 194 + 10 = 0. Let n = y - 72. What is the tens digit of (-1)/2 - 3497/n?
3
Let a = 6 + -5. Let m = 79 - 79. What is the tens digit of (m + (-1)/2)*(-139 + a)?
6
Let u(y) = -80*y - 647. What is the tens digit of u(-15)?
5
Let y be (((-4)/(-6))/(-1))/(50/225). Let x be 3852/16 - (0 + y/12). Let p = -144 + x. What is the tens digit of p?
9
Let r be 5*((-7)/5)/(3/27). Let g = 190 + r. What is the units digit of g?
7
Let h be (5/3)/(4 - (-44)/(-12)). Suppose f = -h*z + 282, 4*f + 267 = 5*f + 2*z. What is the tens digit of f?
5
Suppose 327 = 2*u - 1823. Suppose -1082*r = -u*r - 4431. What is the hundreds digit of r?
6
Let p(k) = -2*k**2 - 35*k + 6. Let g be p(-15). Suppose -4*o - g - 91 = -3*z, 0 = -z + 4. Let b = -25 - o. What is the units digit of b?
5
Suppose -8*g = -25*g + 85. Suppose -3750 = -g*y + 2420. What is the tens digit of y?
3
Let h(l) = 2*l**3 - 13*l**2 + 7*l + 2. Let r = 31 - 25. Let o be h(r). Suppose -6*b + o*b = -5*m + 557, 4*b = -5*m + 1089. What is the tens digit of b?
6
Suppose 3*p = 2*k - 0*k, 0 = -5*k - p. Suppose k = -8*n + 6*n + 2256. Suppose n = 16*z - 4*z. What is the tens digit of z?
9
Let o(w) = -1 + 4*w**2 + 0*w**2 - w**2 - 13*w. Let b be (3/(-2))/((-51)/238). What is the tens digit of o(b)?
5
Let r be 10722/10 - ((-143)/55)/(-13). Suppose -4*m + 452 + r = -2*l, 5*l + 20 = 0. What is the hundreds digit of m?
3
Let v(p) = -p**2 - 35*p + 29. Let z be v(-35). Suppose 0 = -z*y + 33*y - 3688. What is the tens digit of y?
2
Let y = 34 - 33. Let i(l) = -5*l + 4. Let x be i(y). What is the units digit of (6 + x*2)/(-10 - -12)?
2
Suppose -8*a = -9*a + 54. Let w be (2/(-3))/((-3)/a*-4). Let j(d) = -15*d + 9. What is the units digit of j(w)?
4
Let v = 96 - 93. Suppose -2*i + 136 = 5*t, 282 - 69 = 3*i + v*t. What is the tens digit of i?
7
Suppose 3175 = -3*h + 1096. Let o be ((-24)/14)/(18/h). Suppose l = 3*t + 37, 0 = 2*l - 3*t - o + 1. What is the units digit of l?
8
Let r(y) = -37*y + 5391. What is the units digit of r(-164)?
9
Let l be 1/(2*7/(-1386)). Suppose k - 32 = 3*k. Let b = k - l. What is the units digit of b?
3
Let i be (0 - 1) + 12 + -1. Let w be (159 - 164)/(5/(-162)). Suppose 8*m - i*m = -w. What is the tens digit of m?
8
What is the hundreds digit of (-8 - (-322)/42)*-1629?
5
Let g be 82/18 + (-52)/(-117). Suppose -b - g*h - 586 = -2*b, -4*b - h = -2428. What is the hundreds digit of b?
6
What is the units digit of 231/42*820036/77?
4
Let d = 13001 - 7884. What is the units digit of d?
7
Suppose 80*k + 29*k = 825784. What is the thousands digit of k?
7
Suppose 4 + 11 = 3*z. Suppose -a + 3*a - 716 = -5*f, -553 = -4*f + z*a. Suppose 4*n + 5*h = f, 5*h + 60 = 3*n - 64. What is the units digit of n?
8
Suppose 1045 = -2*s + 3853. Let t = s - 768. What is the units digit of t?
6
Suppose 5*o - 90962 = -6*t, -3*t - 2*o + 49882 = 4397. What is the tens digit of t?
6
Let o(y) = y**3 - 17*y**2 + 117*y - 91. What is the tens digit of o(12)?
9
What is the units digit of (86828/56)/(1/14 - 0)?
7
Let v(g) = 4*g**2 + 4*g - 5. Let o = -27 - -34. Suppose -o*f + 6*f + 3 = 0. What is the tens digit of v(f)?
4
Suppose 73*a - 29*a = 15*a + 229303. What is the units digit of a?
7
Suppose 8102 = 5*k - 1208. Suppose k + 127 = 13*p. What is the units digit of p?
3
Let h be (0 - 1*(3 + -5)) + 32. Let w = h + -7. Suppose 0 = 4*z - m - 305, 0 = -2*z - m + w + 124. What is the units digit of z?
6
Let i = 24851 + -4205. What is the thousands digit of i?
0
Let d(s) = -s**3 - 43*s**2 + 29*s + 130. What is the units digit of d(-44)?
0
Let u(v) = -896*v - 1205. What is the tens digit of u(-6)?
7
Suppose -77*d + 597 = -82*d - 2*s, 5*d + 3*s + 593 = 0. Suppose -2*x + 410 = h - 3*h, 4*h = -3*x + 629. Let j = d + x. What is the tens digit of j?
8
Let q(u) = 262*u - 526. What is the units digit of q(35)?
4
What is the units digit of -42*-3*536/48*2?
4
Let r be (-3)/((-6)/10) - (8 - 8). Suppose -4*o + 2*k + 243 = -o, 2*o - 143 = -r*k. What is the tens digit of o?
7
Let s be ((-16)/(-10))/(10/(-125)*-5). Suppose -5*u + 1420 = 5*v, 0 = 3*v - 2*u + s*u - 854. What is the units digit of v?
6
Let o(u) = 23*u - 89. Let t be o(12). Suppose -5*q - 724 = -4*x - 7*q, -x - 2*q + t = 0. What is the units digit of x?
9
Suppose -l - 3 = 3*n, -5*l + 2 = -5*n - 3. Let t be (-4)/(-8)*30 - n. Let a = t + 8. What is the tens digit of a?
2
Let i(p) = -p + 4*p - 7*p + 5*p**2 + 2*p. Let w be i(1). Suppose 170 = w*d - 280. What is the hundreds digit of d?
1
Suppose 8*t = 2700 + 260. Suppose 3*m = 1463 + t. What is the tens digit of m?
1
Suppose 42*z - 39*z + 201 = 0. Let n = 28 - z. What is the units digit of n?
5
What is the thousands digit of ((25 - 26)*-19246)/(-1 - -3)?
9
Suppose 186*q - 185*q - 17593 = u, -3*u + 87973 = 5*q. What is the hundreds digit of q?
5
Suppose 3*n - 2*t - 58 = 0, 5*n - 3*n - t - 39 = 0. What is the tens digit of (n/3)/(260/129 - 2)?
3
Let q = 11356 - -2269. What is the thousands d